 is -112313202 + -21?
-112313223
In base 8, what is 73545057 - -32?
73545111
In base 4, what is -32021010 + -1033?
-32022103
In base 13, what is 1b - 8107?
-80b9
In base 7, what is 65352 - -3664?
102346
In base 13, what is -62a9620 - 5?
-62a9625
In base 9, what is -1244577 - 370?
-1245057
In base 11, what is 13531 - 6a1?
12940
In base 10, what is -10798507 - 4?
-10798511
In base 9, what is 237056664 - 5?
237056658
In base 16, what is 146daca + 3?
146dacd
In base 9, what is 22463 - -323?
22786
In base 5, what is 10 - 42042414040?
-42042414030
In base 2, what is 111100 - -110000011111111111000?
110000100000000110100
In base 15, what is 5714e - 7a?
570c4
In base 12, what is -209b58 + -3b?
-209b97
In base 15, what is 4 + -25755e?
-25755a
In base 16, what is -11 - 1b27dc6?
-1b27dd7
In base 9, what is -16415687 + -1?
-16415688
In base 4, what is -132211 - 113333?
-312210
In base 14, what is 723169 - c?
72315b
In base 16, what is 159 + -740a?
-72b1
In base 15, what is -3063ce + 3b?
-306393
In base 6, what is 421 + -1010204?
-1005343
In base 6, what is -20 - 5113543?
-5114003
In base 8, what is -112000641 + 1?
-112000640
In base 15, what is -105 - 73a9?
-74ae
In base 11, what is -1299587 + -115?
-12996a1
In base 9, what is -622 - -4237?
3515
In base 4, what is -20 - 102022322122313?
-102022322122333
In base 11, what is 203849484 - 0?
203849484
In base 12, what is -31598 - 110b?
-326a7
In base 8, what is 575332455 + 6?
575332463
In base 4, what is -310010 - 23033?
-333103
In base 5, what is 0 - 1011122422041?
-1011122422041
In base 16, what is -2 + -96af39?
-96af3b
In base 14, what is 17a6771 + 9?
17a677a
In base 3, what is -200110021011 + 1011?
-200110020000
In base 13, what is -17 + -5400942?
-5400959
In base 12, what is 18a139 - -5?
18a142
In base 8, what is -2231072633 + 2?
-2231072631
In base 4, what is 230310023 + -1?
230310022
In base 15, what is 10bb867 - -1?
10bb868
In base 3, what is -11 - 101222122010212?
-101222122011000
In base 9, what is 178 + 35615?
35804
In base 8, what is -34046 + 21642?
-12204
In base 7, what is 0 + -202012421?
-202012421
In base 2, what is 11010111110 + -10111010010011100?
-10110110111011110
In base 14, what is 20ca - -85a?
2946
In base 14, what is 5 + -2d20c4?
-2d20bd
In base 14, what is 4 + -7a631a?
-7a6316
In base 7, what is -41521501 + 123?
-41521345
In base 12, what is -2092a + -8a?
-209b8
In base 5, what is -13 + -334401004121?
-334401004134
In base 9, what is 16708 - 126468?
-108660
In base 15, what is -2c - 2c0793?
-2c07c0
In base 2, what is 10 - 11110001100001101101100?
-11110001100001101101010
In base 11, what is -4 - -996607?
996603
In base 15, what is -c + 3ac8a3b?
3ac8a2e
In base 15, what is -138318 - -74?
-138294
In base 16, what is -b - -35cb0?
35ca5
In base 14, what is -4267750 + 4?
-426774a
In base 16, what is -102e6 - 1d56?
-1203c
In base 9, what is 37361 + -74?
37276
In base 13, what is -300 + 46c6a?
4696a
In base 12, what is -44 + -b40237?
-b4027b
In base 8, what is -17045042 + 0?
-17045042
In base 9, what is 13 + -428726?
-428713
In base 4, what is -21213323222122 - 20?
-21213323222202
In base 13, what is -155c + 5b47?
45b8
In base 11, what is -189 + 17303?
17125
In base 9, what is -10 - 186056?
-186066
In base 10, what is -156257808 + 3?
-156257805
In base 12, what is -2052 + 3910?
187a
In base 8, what is -100771417 + -125?
-100771544
In base 14, what is b4694d - -13?
b46962
In base 7, what is -16 + 445021415?
445021366
In base 11, what is -117 - 99a96?
-9a102
In base 7, what is -4116 - 226?
-4345
In base 10, what is 10 - 1027419?
-1027409
In base 4, what is 2200100 - 103?
2133331
In base 11, what is -59 + 1022049?
1021aa0
In base 9, what is -63 + -102670?
-102743
In base 16, what is -1052510 - -7?
-1052509
In base 2, what is 100101 - 110000101011100001?
-110000101010111100
In base 3, what is -20210120102201211 + 2?
-20210120102201202
In base 3, what is 1010000112020100 - -22?
1010000112020122
In base 16, what is -4 + e4d7ce?
e4d7ca
In base 5, what is 0 - -3111411014?
3111411014
In base 13, what is 192a116 + -2?
192a114
In base 5, what is 102344 - 34433010?
-34330111
In base 6, what is 525053 + -3110?
521543
In base 15, what is 5 - 60b984?
-60b97e
In base 12, what is 274694b8 + 2?
274694ba
In base 9, what is 233158211 - -5?
233158216
In base 16, what is -4 + -1b44b9?
-1b44bd
In base 14, what is -75458 - -5d?
-753d9
In base 4, what is 2011101112120 + -113?
2011101112001
In base 9, what is -238660 - 2420?
-242180
In base 10, what is 499 + 132?
631
In base 4, what is -1222201200202 - 1?
-1222201200203
In base 6, what is 4 - 23103233?
-23103225
In base 2, what is -1000 - 1011001110011001101000?
-1011001110011001110000
In base 11, what is -12a109 - 13a6?
-130504
In base 10, what is 122389435 - 6?
122389429
In base 11, what is -3 + 10115004?
10115001
In base 14, what is -14 + 1c1bdc?
1c1bc8
In base 11, what is 293 + -75336?
-75053
In base 10, what is 0 - 36796289?
-36796289
In base 6, what is -10111252 + 42?
-10111210
In base 10, what is 133597 - -86?
133683
In base 6, what is 3 + -1121110202?
-1121110155
In base 8, what is 4 + 537445737?
537445743
In base 9, what is 234 + -122441?
-122206
In base 15, what is 29 - 96d4a?
-96d21
In base 2, what is 11 - -1101110011001110101011100?
1101110011001110101011111
In base 7, what is -1364 - 642653?
-644350
In base 10, what is 229180 - 54?
229126
In base 2, what is -101100011100010000010 + 10110?
-101100011100001101100
In base 9, what is 33304 - -1475?
34780
In base 13, what is 223ac65 - 1?
223ac64
In base 2, what is -1001 - 101001001110001000101?
-101001001110001001110
In base 16, what is 3c10 + -84?
3b8c
In base 6, what is -33230223 - 202?
-33230425
In base 9, what is 103 + 1810526?
1810630
In base 14, what is 30b4 - -15ac?
4682
In base 14, what is 2a93dd - 12?
2a93cb
In base 3, what is -1120120012221021122 + 12?
-1120120012221021110
In base 7, what is 154360351 + 1?
154360352
In base 12, what is 41b6732 + 5?
41b6737
In base 8, what is -1512317724 - -4?
-1512317720
In base 6, what is 300350 - -102131?
402521
In base 5, what is -34 + 1141114031?
1141113442
In base 8, what is -2175342 + -4?
-2175346
In base 2, what is 1110010010011110000001011 + -11?
1110010010011110000001000
In base 4, what is 3103120301 - -11?
3103120312
In base 14, what is 663386 + -8?
66337c
In base 5, what is 4222341210 - 22?
4222341133
In base 7, what is 524 + -2032220?
-2031363
In base 8, what is -14303 + 31772?
15467
In base 14, what is aca - -a24?
1710
In base 5, what is -4301 - -4143400?
4134044
In base 15, what is -449 + 2b47?
26ed
In base 4, what is -222002 - 313210?
-1201212
In base 2, what is -1001110011101 + 11111001110111101?
11110000000100000
In base 11, what is -4 - -119a7523?
119a751a
In base 14, what is 1423 - -191?
15b4
In base 5, what is -21422 - -302024?
230102
In base 3, what is -1 - -1122201021000?
1122201020222
In base 14, what is 19c6a1 - -69?
19c72a
In base 12, what is 0 + 406968?
406968
In base 8, what is 11462 - 1714?
7546
In base 14, what is 6dc - -5b6a5?
5bda3
In base 7, what is -116 + 261221226?
261221110
In base 10, what is 72862 + 59?
72921
In base 4, what is -221300 + -211003?
-1032303
In base 13, what is -3a59 + -7c3?
-454c
In base 7, what is -1025143 - 116?
-1025262
In base 10, what is -5 - 155367052?
-155367057
In base 5, what is -120331122 + 122?
-120331000
In base 11, what is -16a2447 + -16?
-16a2462
In base 11, what is 28618049 + -6?
28618043
In base 16, what is -27addb - -14?
-27adc7
In base 11, what is 3 + -34597511?
-34597509
In base 10, what is 3134819 - 79?
3134740
In base 12, what is -1197 - -4897?
3700
In base 12, what is 155b - -18209?
19768
In base 9, what is 24 + -2067770?
-2067745
In base 13, what is -95 - 581?
-646
In base 9, what is 65168 + 2718?
67887
In base 16, what is -7b7460 + 1?
-7b745f
In base 12, what is -43b69 - -1213?
-42956
In base 7, what is 0 + 1056334063?
1056334063
In base 3, what is -2200212 - 1221011222?
-2000212211
In base 12, what is 588072b14 + -4?
588072b10
In base 3, what is -1001 + -20222212011111?
-20222212012112
In base 5, what is 13003040130 + 104?
13003040234
In base 3, what is 11002 + -120200202111?
-120200121102
In base 4, what is 23032022032 + 12?
23032022110
In base 5, what is -41 + -1024340?
-1024431
In b